 divided by 2.
1
Calculate the remainder when 57 is divided by 5.
2
What is the remainder when 789 is divided by 88?
85
Calculate the remainder when 1023 is divided by 16.
15
Calculate the remainder when 934 is divided by 156.
154
What is the remainder when 245 is divided by 50?
45
What is the remainder when 394 is divided by 100?
94
What is the remainder when 245 is divided by 26?
11
What is the remainder when 1457 is divided by 485?
2
What is the remainder when 1475 is divided by 41?
40
What is the remainder when 601 is divided by 142?
33
Calculate the remainder when 150 is divided by 11.
7
What is the remainder when 19724 is divided by 9?
5
What is the remainder when 215 is divided by 12?
11
Calculate the remainder when 2795 is divided by 14.
9
What is the remainder when 707 is divided by 27?
5
Calculate the remainder when 490 is divided by 287.
203
What is the remainder when 13938 is divided by 85?
83
Calculate the remainder when 308 is divided by 26.
22
Calculate the remainder when 120 is divided by 36.
12
Calculate the remainder when 140 is divided by 36.
32
Calculate the remainder when 43 is divided by 10.
3
Calculate the remainder when 240 is divided by 85.
70
Calculate the remainder when 4154 is divided by 11.
7
What is the remainder when 191 is divided by 108?
83
What is the remainder when 1866 is divided by 17?
13
What is the remainder when 263 is divided by 43?
5
What is the remainder when 422 is divided by 53?
51
Calculate the remainder when 137 is divided by 47.
43
What is the remainder when 1879 is divided by 45?
34
What is the remainder when 108 is divided by 28?
24
Calculate the remainder when 660 is divided by 201.
57
Calculate the remainder when 68 is divided by 8.
4
Calculate the remainder when 55 is divided by 11.
0
Calculate the remainder when 273 is divided by 28.
21
Calculate the remainder when 266 is divided by 47.
31
Calculate the remainder when 8035 is divided by 41.
40
What is the remainder when 444 is divided by 10?
4
Calculate the remainder when 1902 is divided by 1900.
2
Calculate the remainder when 1684 is divided by 141.
133
What is the remainder when 163 is divided by 56?
51
What is the remainder when 274 is divided by 55?
54
Calculate the remainder when 105 is divided by 38.
29
What is the remainder when 33 is divided by 4?
1
Calculate the remainder when 93 is divided by 10.
3
What is the remainder when 4136 is divided by 22?
0
What is the remainder when 12860 is divided by 192?
188
What is the remainder when 588 is divided by 5?
3
What is the remainder when 41 is divided by 26?
15
Calculate the remainder when 239 is divided by 48.
47
What is the remainder when 713 is divided by 35?
13
Calculate the remainder when 547 is divided by 29.
25
Calculate the remainder when 1507 is divided by 10.
7
Calculate the remainder when 11002 is divided by 131.
129
What is the remainder when 525 is divided by 32?
13
What is the remainder when 5386 is divided by 55?
51
Calculate the remainder when 329 is divided by 70.
49
Calculate the remainder when 532 is divided by 15.
7
Calculate the remainder when 5234 is divided by 54.
50
What is the remainder when 357 is divided by 43?
13
Calculate the remainder when 546 is divided by 107.
11
Calculate the remainder when 490 is divided by 62.
56
What is the remainder when 101 is divided by 34?
33
What is the remainder when 42 is divided by 29?
13
Calculate the remainder when 699 is divided by 50.
49
What is the remainder when 259 is divided by 177?
82
What is the remainder when 436 is divided by 23?
22
What is the remainder when 3987 is divided by 87?
72
Calculate the remainder when 1209 is divided by 55.
54
What is the remainder when 148 is divided by 31?
24
Calculate the remainder when 758 is divided by 5.
3
What is the remainder when 123 is divided by 109?
14
What is the remainder when 132 is divided by 19?
18
What is the remainder when 19276 is divided by 9?
7
Calculate the remainder when 141 is divided by 36.
33
Calculate the remainder when 55 is divided by 35.
20
What is the remainder when 66 is divided by 23?
20
Calculate the remainder when 7157 is divided by 42.
17
Calculate the remainder when 302 is divided by 187.
115
What is the remainder when 138 is divided by 20?
18
Calculate the remainder when 196 is divided by 22.
20
Calculate the remainder when 147 is divided by 30.
27
Calculate the remainder when 36 is divided by 13.
10
Calculate the remainder when 168 is divided by 13.
12
Calculate the remainder when 477 is divided by 433.
44
Calculate the remainder when 262 is divided by 67.
61
Calculate the remainder when 141 is divided by 22.
9
What is the remainder when 69 is divided by 55?
14
Calculate the remainder when 114 is divided by 30.
24
Calculate the remainder when 1266 is divided by 44.
34
Calculate the remainder when 396 is divided by 85.
56
Calculate the remainder when 2662 is divided by 26.
10
Calculate the remainder when 163 is divided by 54.
1
Calculate the remainder when 1065 is divided by 21.
15
Calculate the remainder when 2878 is divided by 40.
38
Calculate the remainder when 1277 is divided by 10.
7
Calculate the remainder when 44 is divided by 12.
8
What is the remainder when 481 is divided by 28?
5
What is the remainder when 611 is divided by 50?
11
What is the remainder when 2380 is divided by 773?
61
What is the remainder when 146 is divided by 22?
14
What is the remainder when 396 is divided by 395?
1
Calculate the remainder when 120 is divided by 59.
2
Calculate the remainder when 2271 is divided by 65.
61
Calculate the remainder when 7773 is divided by 554.
17
What is the remainder when 221 is divided by 56?
53
Calculate the remainder when 1024 is divided by 19.
17
What is the remainder when 39 is divided by 12?
3
What is the remainder when 2531 is divided by 291?
203
What is the remainder when 3115 is divided by 56?
35
Calculate the remainder when 277 is divided by 134.
9
What is the remainder when 18636 is divided by 4656?
12
What is the remainder when 7967 is divided by 173?
9
What is the remainder when 112 is divided by 34?
10
What is the remainder when 24306 is divided by 85?
81
Calculate the remainder when 271 is divided by 55.
51
What is the remainder when 3275 is divided by 182?
181
Calculate the remainder when 249 is divided by 79.
12
Calculate the remainder when 62 is divided by 34.
28
Calculate the remainder when 80 is divided by 21.
17
Calculate the remainder when 2472 is divided by 21.
15
Calculate the remainder when 639 is divided by 58.
1
Calculate the remainder when 726 is divided by 14.
12
What is the remainder when 59 is divided by 50?
9
Calculate the remainder when 35 is divided by 12.
11
What is the remainder when 208 is divided by 187?
21
What is the remainder when 382 is divided by 79?
66
Calculate the remainder when 247 is divided by 25.
22
What is the remainder when 1557 is divided by 65?
62
What is the remainder when 4209 is divided by 13?
10
What is the remainder when 4378 is divided by 13?
10
Calculate the remainder when 253 is divided by 51.
49
What is the remainder when 86 is divided by 15?
11
What is the remainder when 5766 is divided by 199?
194
What is the remainder when 10112 is divided by 1264?
0
What is the remainder when 3429 is divided by 33?
30
Calculate the remainder when 1441 is divided by 39.
37
What is the remainder when 116 is divided by 60?
56
What is the remainder when 40648 is divided by 50?
48
Calculate the remainder when 438 is divided by 5.
3
What is the remainder when 40 is divided by 11?
7
Calculate the remainder when 355 is divided by 102.
49
Calculate the remainder when 1473 is divided by 472.
57
Calculate the remainder when 167 is divided by 28.
27
What is the remainder when 618 is divided by 148?
26
What is the remainder when 155 is divided by 87?
68
What is the remainder when 171 is divided by 16?
11
Calculate the remainder when 2163 is divided by 34.
21
What is the remainder when 12148 is divided by 248?
244
Calculate the remainder when 593 is divided by 198.
197
Calculate the remainder when 88 is divided by 48.
40
What is the remainder when 4534 is divided by 56?
54
Calculate the remainder when 1511 is divided by 28.
27
What is the remainder when 200 is divided by 51?
47
What is the remainder